 + 1056 = -9*q. Let i be (-1 + 3/2)/(1/q). Let p = 61 + i. What is the units digit of p?
7
Suppose 2*d + 266 = -184. Let t = d - -685. Let x = t - 280. What is the units digit of x?
0
Suppose 54*o - 4754 = 53*o. What is the thousands digit of o?
4
Suppose 133113 = 2*t + 7*t - 15585. What is the units digit of t?
2
Let o be (-1)/(-5) + (-704)/(-80). Suppose 2*n - 540 = -c + 2*c, o = 3*n. What is the units digit of c/(-10) - 8/20?
3
Let f be -2 + -4 + -2 - -10. What is the thousands digit of (-256690)/285*(f + 14/(-4))?
1
Let g(b) = 246*b**2 - 162*b - 1398. What is the thousands digit of g(-9)?
9
Suppose 20*j - 21*j = -3*z - 51, 4*z + 2*j + 68 = 0. What is the units digit of (-10946)/z - (-48)/408?
4
Let r be (6 - 1 - 3)/(1/4). Suppose 0 = -2*a + r, 3*a - 630 = -2*f + 2*a. What is the hundreds digit of f?
3
Suppose -z + 160 = -9*z. Let r be -5*(-4 - 68/z). Suppose -101 - 253 = -r*n. What is the tens digit of n?
1
Suppose 26*d - 20*d + 10868 = 7*d. What is the tens digit of d?
6
Let h = -8 + 6. What is the tens digit of 3/5 + h/(-20)*2354?
3
Suppose -48 = -4*b - 8*b. Suppose 9*x = b*x. Suppose 7*k - 10*k + 147 = x. What is the tens digit of k?
4
Suppose 3*i + 93 = 4*f + 1150, 293 = -f - 5*i. Let l be 25/(-10)*f - -2. Suppose 5*q - 141 = z + l, 0 = 3*q - 3*z - 495. What is the tens digit of q?
6
Let q(s) be the second derivative of s**5/10 - 5*s**4/12 - s**3/3 - 3*s**2 + 9*s. Let l be q(4). What is the units digit of ((-6)/(-15))/((-12)/(-15))*l?
7
Let n be (687 + 0 - 0)*(-6)/9. Let c = -260 - n. Let d = c - 134. What is the tens digit of d?
6
Suppose -z + 145 = -109. Suppose -2*g + z = -172. What is the tens digit of g?
1
Let b(w) = 547*w - 618. What is the units digit of b(6)?
4
Let c = -133 - -138. Suppose -c*w + 917 = -798. What is the tens digit of w?
4
Suppose -2*w = -0 - 2, 5402 = c - 5*w. What is the tens digit of c?
0
Let f(t) = -12*t**2 + 5*t + 1. Let r(j) = -14*j**2 + 2*j - 6*j + 2*j + 7*j. Let x(d) = 2*f(d) - 3*r(d). What is the units digit of x(3)?
9
Let w(r) = 3*r**3 - 10*r**2 - 92*r - 10. What is the tens digit of w(14)?
7
Let i be (-91)/14 + (-3)/6. Let o(w) be the first derivative of 2*w**3/3 - 7*w**2/2 - 4*w - 2. What is the tens digit of o(i)?
4
Suppose 95061 = -32*f + 36*f - 3*q, 0 = -2*f + 5*q + 47513. What is the hundreds digit of f?
7
Suppose 0 = -15*h + 3674 + 73366. Suppose 2*n = 18*n - h. What is the tens digit of n?
2
Let d = -25 + 55. Let q be 17/(-5) - -1 - (-12)/d. What is the units digit of (-6)/2 - -26 - q/1?
5
Let a(y) = y**3 - 5*y**2 + 11*y + 25. Let k(t) = -3*t**2 - 3*t + 11. Let c be k(0). What is the units digit of a(c)?
2
Let n be -1 - (1 + 0 + -81). Suppose 0 = -83*q + n*q + 108. What is the units digit of q?
7
Suppose 53*r = 40*r + 234. Suppose -r*h = -5*h - 5876. What is the hundreds digit of h?
4
Let a = 94 + -100. Let v(t) be the third derivative of -13*t**4/24 - 7*t**3/3 - 6*t**2. What is the tens digit of v(a)?
6
Let q(n) = -30*n + 946. What is the thousands digit of q(-11)?
1
Suppose 0 = -531*m + 517*m + 768726. What is the thousands digit of m?
4
Let a be (-4 + -2)*(-177)/(-3). What is the units digit of a*(-6 + 1 - (-10)/4)?
5
Suppose 915274 + 202592 - 66250 = 236*a. What is the hundreds digit of a?
4
Let w = -7791 - -4401. What is the tens digit of 96/9*w/(-20)?
0
Suppose -12 = -54*h + 53*h. Let p be (0 - 1599/(-12)) + (-3)/h. What is the units digit of (-1*p)/(1/(-1))?
3
Suppose 14*a - 160935 - 27701 = 0. What is the ten thousands digit of a?
1
Let s be 0 + 0 + 6/4*-4. Let d be (90/((-10)/2))/(s/56). Suppose -n + d = 3*n. What is the tens digit of n?
4
Suppose -14*o + 1038 + 530 = 0. Suppose -418 + o = -b. What is the hundreds digit of b?
3
Let g(w) = 569*w + 1222. What is the ten thousands digit of g(16)?
1
Let v be (297/44)/(2 - 75/36). What is the units digit of (1*133)/((-27)/v)?
9
Let h(q) = 45*q**2 - 2*q - 1. Let u be h(-1). Suppose -60*x + u*x = -1778. What is the tens digit of x?
2
Let w = -2 - -5. Let r(j) = 4 + 4*j**2 - j**2 - 4*j**2 + j**3 + 24*j - 28*j + 0*j**3. What is the tens digit of r(w)?
1
Let y(i) = 15*i**2 + 64*i + 15. What is the hundreds digit of y(20)?
2
Suppose -k = -2*k - d + 1302, 2588 = 2*k - 2*d. Suppose 2*y - k = 2*w, -4*y - w - 33 = -2624. What is the tens digit of y?
4
What is the thousands digit of (-10215)/(-10)*(12320/(-42))/(-11)?
7
Suppose -2*o = -p + 456, 0 = -2*p + 4*o - o + 909. Suppose 0*y - 5*y - p = 0. Let l = -43 - y. What is the tens digit of l?
4
Suppose 3*d + 4*j - 13757 = 0, 4*d - 18326 = -0*j + 3*j. What is the thousands digit of d?
4
Suppose -5*i - 15589 = -2*c, -7*i + 2*i - 15 = 0. Suppose -598 = -15*n + c. What is the hundreds digit of n?
5
Suppose 8 = -20*d + 18*d. What is the tens digit of 38 + 3*(3 + d)?
3
Suppose -y = 8*d - 9*d - 670, 4*d - 2038 = -3*y. Let c = y + -428. What is the hundreds digit of c?
2
Suppose -16*c = -14*c - 722. Suppose -5*h + 791 = 2*l, 3*l + c = -h + 1567. What is the tens digit of l?
0
Suppose 13*r - 14*r - 7 = 2*p, -2*r - 5*p = 19. Suppose r*a + 2*c - 557 = 636, 3*c - 1591 = -4*a. What is the hundreds digit of a?
3
Suppose 2*w + 34 - 7 = -5*t, -2*w - 2*t = 18. Let l be -1 - (-8)/(-12)*w. Suppose 5*r - 10 = 0, l*n - r - 55 - 36 = 0. What is the tens digit of n?
3
Let o(s) = 80*s**2 - 25*s + 55. Let n be o(2). Suppose 0 = u + z - 323, -u = 2*z - 3*z - n. What is the hundreds digit of u?
3
Let f be ((-308)/385)/(2/(-10)). What is the units digit of 419*(8/20)/(f/20)?
8
Let r = 314 - 1133. Let a = r - -1246. What is the hundreds digit of a?
4
Let n(v) = -v**3 - 8*v**2 - 4*v - 18. Let q be n(-8). Suppose -4*l + q = 3*l. Suppose 64 = 3*b - l*a, 2*b - 87 = -2*b + 3*a. What is the units digit of b?
8
Let o(u) = 3*u**2 + 2. Let z be o(1). Suppose 0 = -3*w + z + 10. Suppose 0*k + 4*k - 212 = w*f, -k + f = -53. What is the tens digit of k?
5
Let n(z) = 269*z**3 - 11*z**2 + 68*z - 505. What is the ten thousands digit of n(7)?
9
Let u(n) = 67*n + 746. Let j be u(-11). Let m(d) = 6*d**2 - 10*d - 2. Let i(p) = p**2 - p + 1. Let s(q) = -4*i(q) + m(q). What is the units digit of s(j)?
2
Suppose -2*s = -5*y + 5, 4*y - 3*y - 3 = 0. Suppose -s*f = 3*r - 1174, -88*f + 388 = r - 83*f. What is the units digit of r?
3
Let n = 8068 + 35294. What is the units digit of n?
2
Let h(x) = 8*x. Let z be h(1). What is the units digit of ((-19389)/(-92))/(3/z)?
2
Let f(d) = -d**3 + 13*d**2 - 33*d + 35. Let h be f(10). What is the hundreds digit of (-2928)/(-5) - -6 - 3/h?
5
Suppose -2*f - 192 = -u + 3*f, u + 3*f = 232. Let x = -196 + u. What is the tens digit of x?
2
Let g(n) = 22*n**2 + 50*n + 2031. What is the tens digit of g(-28)?
7
What is the tens digit of (47/((-1692)/(-88152)))/(2/18)?
3
Let p = -63 + 65. Suppose 3*n = n + 2, -2*o + 1422 = p*n. What is the units digit of o?
0
Let h = -58 + 61. Suppose -h*d - 8 = d. What is the tens digit of (-1542)/(-42) + (d/7)/(-1)?
3
Suppose 422*w - 8383822 - 2976418 = 0. What is the thousands digit of w?
6
Let a(i) be the first derivative of -19*i**4/4 + i**3/3 + 2*i**2 + 3*i - 2. Let n(d) = 210*d + 1258. Let k be n(-6). What is the tens digit of a(k)?
5
Let r = -732 - 6. Let j = r - -1550. What is the hundreds digit of j?
8
Suppose 1617*f = 5*k + 1612*f - 66490, 2*k - f - 26593 = 0. What is the tens digit of k?
9
Let d be -2 + 0 - (-3 + -1076 + -2). Suppose 3*x + 606 = -3*y, -264 = -4*x + 3*y - d. Let s = x + 326. What is the units digit of s?
3
Let r = 7135 + 2782. What is the units digit of r?
7
Let p = 30951 - 8858. What is the units digit of p?
3
Let h = 148 - -79. Suppose 9*t - 10*t = -h. What is the hundreds digit of t?
2
Let v = -11930 - -17959. What is the units digit of v?
9
Suppose 8*c + 489 = -663. Let j = 152 + c. What is the units digit of j?
8
Let u(i) be the second derivative of 3*i**4/4 - 9*i**3/2 - 199*i**2/2 + 177*i. What is the hundreds digit of u(-6)?
2
Suppose 50916 + 44529 = 63*h. What is the hundreds digit of h?
5
Let t(d) = d**3 - 8*d**2 + 5*d + 16. Let y be t(7). Suppose 6*g + 24 = 10*g. What is the units digit of 3 + g/(-3) + 232/y?
7
What is the hundreds digit of (17 - 24)/(-1 + 2) - -5974?
9
Let u(l) = -l**2 + 2*l - 54. Let b be u(0). Let p = b - -56. Suppose 5*v - 665 = -5*g, 5*v - p*g = -5*g + 675. What is the hundreds digit of v?
1
Suppose 6*h - 767 - 169 = 0. Let x = h +